{"id":388,"date":"2023-08-25T17:15:10","date_gmt":"2023-08-25T20:15:10","guid":{"rendered":"https:\/\/lorini.com.br\/?page_id=388"},"modified":"2023-11-13T16:53:21","modified_gmt":"2023-11-13T19:53:21","slug":"o-que-fazemos","status":"publish","type":"page","link":"https:\/\/lorini.com.br\/index.php\/o-que-fazemos\/","title":{"rendered":"O que fazemos"},"content":{"rendered":"\t\t<div data-elementor-type=\"wp-page\" data-elementor-id=\"388\" class=\"elementor elementor-388\">\n\t\t\t\t\t\t<section class=\"elementor-section elementor-top-section elementor-element elementor-element-da42aee elementor-section-boxed elementor-section-height-default elementor-section-height-default wpr-particle-no wpr-jarallax-no wpr-parallax-no wpr-sticky-section-no wpr-equal-height-no\" data-id=\"da42aee\" data-element_type=\"section\" data-e-type=\"section\">\n\t\t\t\t\t\t<div class=\"elementor-container elementor-column-gap-default\">\n\t\t\t\t\t<div class=\"elementor-column elementor-col-100 elementor-top-column elementor-element elementor-element-7a72e31\" data-id=\"7a72e31\" data-element_type=\"column\" data-e-type=\"column\">\n\t\t\t<div class=\"elementor-widget-wrap elementor-element-populated\">\n\t\t\t\t\t\t<div class=\"elementor-element elementor-element-e44b0c7 elementor-widget elementor-widget-heading\" data-id=\"e44b0c7\" data-element_type=\"widget\" data-e-type=\"widget\" data-widget_type=\"heading.default\">\n\t\t\t\t<div class=\"elementor-widget-container\">\n\t\t\t\t\t<h2 class=\"elementor-heading-title elementor-size-default\">O que fazemos<\/h2>\t\t\t\t<\/div>\n\t\t\t\t<\/div>\n\t\t\t\t<div class=\"elementor-element elementor-element-67cb998 elementor-widget elementor-widget-image\" data-id=\"67cb998\" data-element_type=\"widget\" data-e-type=\"widget\" data-widget_type=\"image.default\">\n\t\t\t\t<div class=\"elementor-widget-container\">\n\t\t\t\t\t\t\t\t\t\t\t\t\t\t\t<img decoding=\"async\" src=\"https:\/\/lorini.com.br\/wp-content\/uploads\/elementor\/thumbs\/@_LORISERVICE_radiodifusao_CMYK-qfbaxez4186q9igptqu2kzcv9zc06sxqc1ucyf8oik.png\" title=\"@_LORISERVICE_radiodifus\u00e3o_CMYK\" alt=\"@_LORISERVICE_radiodifus\u00e3o_CMYK\" loading=\"lazy\" \/>\t\t\t\t\t\t\t\t\t\t\t\t\t\t\t<\/div>\n\t\t\t\t<\/div>\n\t\t\t\t<div class=\"elementor-element elementor-element-720d54d elementor-widget elementor-widget-text-editor\" data-id=\"720d54d\" data-element_type=\"widget\" data-e-type=\"widget\" data-widget_type=\"text-editor.default\">\n\t\t\t\t<div class=\"elementor-widget-container\">\n\t\t\t\t\t\t\t\t\t<p><strong>Atrav\u00e9s do seu bra\u00e7o operacional, a Loriservice &#8211; Radiodifus\u00e3o e Telecomunica\u00e7\u00f5es, a Lorini Engenharia atua em duas \u00e1reas:\u00a0Consultoria e servi\u00e7os de engenharia em radiodifus\u00e3o e Assessoria jur\u00eddica em radiodifus\u00e3o.<\/strong><\/p>\t\t\t\t\t\t\t\t<\/div>\n\t\t\t\t<\/div>\n\t\t\t\t\t<\/div>\n\t\t<\/div>\n\t\t\t\t\t<\/div>\n\t\t<\/section>\n\t\t\t\t<section class=\"elementor-section elementor-top-section elementor-element elementor-element-a616f9e elementor-section-boxed elementor-section-height-default elementor-section-height-default wpr-particle-no wpr-jarallax-no wpr-parallax-no wpr-sticky-section-no wpr-equal-height-no\" data-id=\"a616f9e\" data-element_type=\"section\" data-e-type=\"section\">\n\t\t\t\t\t\t<div class=\"elementor-container elementor-column-gap-default\">\n\t\t\t\t\t<div class=\"elementor-column elementor-col-100 elementor-top-column elementor-element elementor-element-d1630e7\" data-id=\"d1630e7\" data-element_type=\"column\" data-e-type=\"column\">\n\t\t\t<div class=\"elementor-widget-wrap elementor-element-populated\">\n\t\t\t\t\t\t<div class=\"elementor-element elementor-element-6129fc2 elementor-widget elementor-widget-heading\" data-id=\"6129fc2\" data-element_type=\"widget\" data-e-type=\"widget\" data-widget_type=\"heading.default\">\n\t\t\t\t<div class=\"elementor-widget-container\">\n\t\t\t\t\t<h2 class=\"elementor-heading-title elementor-size-default\">Consultoria e servi\u00e7os de engenharia em radiodifus\u00e3o <small>eglorini@lorini.eng.br<\/small><\/h2>\t\t\t\t<\/div>\n\t\t\t\t<\/div>\n\t\t\t\t<div class=\"elementor-element elementor-element-4e6927f elementor-widget elementor-widget-text-editor\" data-id=\"4e6927f\" data-element_type=\"widget\" data-e-type=\"widget\" data-widget_type=\"text-editor.default\">\n\t\t\t\t<div class=\"elementor-widget-container\">\n\t\t\t\t\t\t\t\t\t<strong>Consultoria e especifica\u00e7\u00f5es t\u00e9cnicas de equipamentos para emissoras de r\u00e1dio AM\/FM e TV<\/strong>\n<br>\n&#8211; Acompanhamento, junto aos \u00f3rg\u00e3os p\u00fablicos, de editais, portarias e modifica\u00e7\u00f5es de par\u00e2metros t\u00e9cnicos para as emissoras\n<br>\n&#8211; Novas tecnologias (implanta\u00e7\u00e3o do digital), busca de aperfei\u00e7oamentos t\u00e9cnicos para atingir a qualidade total\n<br>\n&#8211; Auditorias t\u00e9cnicas, com avalia\u00e7\u00e3o de par\u00e2metros e fornecimento de relat\u00f3rios com sugest\u00f5es de modifica\u00e7\u00f5es para busca de uma melhor qualidade e modernidade da emissora\n<br>\n&#8211; Especifica\u00e7\u00f5es t\u00e9cnicas de equipamentos, materiais e componentes para a emissora\n<br>\n&#8211; Planejamentos para os investimentos necess\u00e1rios e cronogramas de execu\u00e7\u00e3o dos mesmos\n<br>\n&#8211; Implanta\u00e7\u00e3o e consolida\u00e7\u00e3o de novos servi\u00e7os, como down-Link, esta\u00e7\u00f5es receptoras de sat\u00e9lite, integra\u00e7\u00e3o de redes de programa\u00e7\u00e3o\n<br>\n&#8211; Assessoramento perante os \u00f3rg\u00e3os p\u00fablicos: Minist\u00e9rio da Aeron\u00e1utica, CREA\/RS e Minist\u00e9rio das Comunica\u00e7\u00f5es\/ ANATEL\n<br>\n&#8211; Assessoramento \u00e0s emissoras na legaliza\u00e7\u00e3o e cumprimento de normas t\u00e9cnicas, defesas a infra\u00e7\u00f5es e adequa\u00e7\u00e3o ao c\u00f3digo de telecomunica\u00e7\u00f5es\n<br>\n&#8211; Orienta\u00e7\u00e3o para a compra de equipamentos, contrata\u00e7\u00e3o de t\u00e9cnicos, instala\u00e7\u00e3o e funcionamento das emissoras\n<br>\n&#8211; Avalia\u00e7\u00e3o para compra e venda de emissoras\n<br><br>\n\n<strong>Elabora\u00e7\u00e3o de projetos t\u00e9cnicos<\/strong>\n<br>\n&#8211; Viabilidade t\u00e9cnica para novos canais e\/ou aumento de pot\u00eancia de emissoras de r\u00e1dio AM\/FM e TV\n<br>\n&#8211; Projetos para instala\u00e7\u00e3o de emissoras de r\u00e1dio AM\/FM e TV\n<br>\n&#8211; Projetos para migra\u00e7\u00e3o da emissora AM para o FM, ou adapta\u00e7\u00e3o de outorga\n<br>\n&#8211; Projetos de r\u00e1dio-enlaces, de liga\u00e7\u00f5es est\u00fadio-transmissor &#8212; SARC e servi\u00e7o limitado privado &#8212; SLP\n<br>\n&#8211; Projetos de servi\u00e7os auxiliares de reportagem externa \u00a0(SARC) e comunica\u00e7\u00f5es de ordem interna e servi\u00e7o limitado privado (SLP)\n<br>\n&#8211; Assessoramento em estudos para est\u00fadios (\u00e1udio, ac\u00fastica e layouts e infraestrutura)\n<br>\n&#8211; Laudos t\u00e9cnicos de registro e homologa\u00e7\u00e3o de equipamentos (revis\u00e3o)\n<br>\n&#8211; Laudos t\u00e9cnicos de vistoria de esta\u00e7\u00f5es e equipamentos\n<br>\n&#8211; Auditorias, vistorias e laudos t\u00e9cnicos para emissoras de r\u00e1dio em AM\/FM e TV\n<br>\n&#8211; Medi\u00e7\u00f5es de intensidade de campo e levantamento de diagramas verticais e horizontais de emissoras de r\u00e1dio AM\/FM e TV\n<br>\n<br>\n<strong style=\"font-style: inherit; font-family: var( --e-global-typography-text-font-family ), Sans-serif; background-color: var(--ast-global-color-5);\">Responsabilidade t\u00e9cnica junto aos \u00f3rg\u00e3os p\u00fablicos<\/strong>\n<br>\n&#8211; Responsabilidade t\u00e9cnica perante o Minist\u00e9rio das Comunica\u00e7\u00f5es, ANATEL, Minist\u00e9rio da Aeron\u00e1utica (CINDACTA II) e Confea (CREA: RS\/SC\/PR), atendendo \u00e0 Portaria n\u00ba. 160, de 24 de junho de 1987\n<br>\n&#8211; Estabelecimento de contratos mensais de presta\u00e7\u00e3o cont\u00ednua de servi\u00e7os, fazendo cumprir as exig\u00eancias legais\t\t\t\t\t\t\t\t<\/div>\n\t\t\t\t<\/div>\n\t\t\t\t\t<\/div>\n\t\t<\/div>\n\t\t\t\t\t<\/div>\n\t\t<\/section>\n\t\t\t\t<section class=\"elementor-section elementor-top-section elementor-element elementor-element-6211341 elementor-section-boxed elementor-section-height-default elementor-section-height-default wpr-particle-no wpr-jarallax-no wpr-parallax-no wpr-sticky-section-no wpr-equal-height-no\" data-id=\"6211341\" data-element_type=\"section\" data-e-type=\"section\">\n\t\t\t\t\t\t<div class=\"elementor-container elementor-column-gap-default\">\n\t\t\t\t\t<div class=\"elementor-column elementor-col-100 elementor-top-column elementor-element elementor-element-3a0e8e8\" data-id=\"3a0e8e8\" data-element_type=\"column\" data-e-type=\"column\">\n\t\t\t<div class=\"elementor-widget-wrap elementor-element-populated\">\n\t\t\t\t\t\t<div class=\"elementor-element elementor-element-f2e84dc elementor-widget elementor-widget-image\" data-id=\"f2e84dc\" data-element_type=\"widget\" data-e-type=\"widget\" data-widget_type=\"image.default\">\n\t\t\t\t<div class=\"elementor-widget-container\">\n\t\t\t\t\t\t\t\t\t\t\t\t\t\t\t<img decoding=\"async\" src=\"https:\/\/lorini.com.br\/wp-content\/uploads\/elementor\/thumbs\/@_LORISERVICE_juridico_CMYK-qfbb03shl5v9hck34eon7sxcgo2t7mm31d1ddx94v8.png\" title=\"@_LORISERVICE_juridico_CMYK\" alt=\"@_LORISERVICE_juridico_CMYK\" loading=\"lazy\" \/>\t\t\t\t\t\t\t\t\t\t\t\t\t\t\t<\/div>\n\t\t\t\t<\/div>\n\t\t\t\t<div class=\"elementor-element elementor-element-f41d315 elementor-widget elementor-widget-heading\" data-id=\"f41d315\" data-element_type=\"widget\" data-e-type=\"widget\" data-widget_type=\"heading.default\">\n\t\t\t\t<div class=\"elementor-widget-container\">\n\t\t\t\t\t<h2 class=\"elementor-heading-title elementor-size-default\">Assessoria jur\u00eddica especializada em radiodifus\u00e3o <small>\nloriservice@lorini.adv.br<\/small><\/h2>\t\t\t\t<\/div>\n\t\t\t\t<\/div>\n\t\t\t\t<div class=\"elementor-element elementor-element-1eb447a elementor-widget elementor-widget-text-editor\" data-id=\"1eb447a\" data-element_type=\"widget\" data-e-type=\"widget\" data-widget_type=\"text-editor.default\">\n\t\t\t\t<div class=\"elementor-widget-container\">\n\t\t\t\t\t\t\t\t\t<strong>Encaminhamento ao Minist\u00e9rio das Comunica\u00e7\u00f5es\/ANATEL\n<br><\/strong>\n<strong>&#8211; <\/strong>\nRenova\u00e7\u00e3o de outorga; contratos e altera\u00e7\u00f5es contratuais\/estatut\u00e1rias para aprova\u00e7\u00e3o pr\u00e9via e comprova\u00e7\u00e3o dos atos de sociedades e\/ou funda\u00e7\u00f5es; aprova\u00e7\u00e3o de novo s\u00f3cio-gerente ou procurador, com poderes de administra\u00e7\u00e3o; autoriza\u00e7\u00e3o para uso de nome fantasia; pedido de transfer\u00eancia direta ou indireta de outorga; defesas de autos de infra\u00e7\u00f5es, expedidos pelos agentes de fiscaliza\u00e7\u00e3o\n\n<br><br>\n<strong>Editais de Licita\u00e7\u00e3o do Minist\u00e9rio das Comunica\u00e7\u00f5es e ANATEL<\/strong>\n<br>\n&#8211; Representa\u00e7\u00e3o de entidades em concorr\u00eancias p\u00fablicas de canais de r\u00e1dios AM\/FM, MMDS e TV a cabo; verifica\u00e7\u00e3o da documenta\u00e7\u00e3o dos concorrentes e elabora\u00e7\u00e3o de eventuais medidas administrativas ou judiciais; fiscaliza\u00e7\u00e3o de todas as fases da licita\u00e7\u00e3o\n\n<br><br>\n<strong>Emissoras educativas de FM e TV<\/strong>\n<br>\n&#8211; Cria\u00e7\u00e3o ou adapta\u00e7\u00e3o de funda\u00e7\u00f5es p\u00fablicas ou privadas para a execu\u00e7\u00e3o de radiodifus\u00e3o educativa; elabora\u00e7\u00e3o de todos os documentos necess\u00e1rios \u00e0 obten\u00e7\u00e3o da outorga\n\n<br><br>\n<strong>Altera\u00e7\u00f5es contratuais, estatut\u00e1rias e capital estrangeiro<\/strong>\n<br>\n&#8211; Cess\u00e3o simples e da maioria de quotas\/a\u00e7\u00f5es de transfer\u00eancia indireta de outorga; aumento do capital social e\/ou atualiza\u00e7\u00e3o da express\u00e3o monet\u00e1ria vigente; reforma geral ou parcial dos atos constitutivos, consolida\u00e7\u00e3o do contrato social\/estatuto da entidade, adapta\u00e7\u00e3o ao novo c\u00f3digo civil; transforma\u00e7\u00e3o do tipo jur\u00eddico da sociedade, cis\u00e3o, fus\u00e3o e incorpora\u00e7\u00e3o; prepara\u00e7\u00e3o da sociedade para a recep\u00e7\u00e3o do capital estrangeiro, no limite de 30%\n<br><br>\n\n<strong>Junta comercial, conselho de defesa nacional e outros<\/strong>\n<br>\n&#8211; Encaminhamento de instrumentos contratuais e altera\u00e7\u00f5es societ\u00e1rias para arquivamento e acompanhamento at\u00e9 o final; obten\u00e7\u00e3o de assentimento pr\u00e9vio para as empresas executantes de servi\u00e7o de radiodifus\u00e3o na faixa de fronteira; elabora\u00e7\u00e3o de contratos particulares de promessa de cess\u00e3o de cotas de sociedades e outros instrumentos\n\n<br><br>\n<strong>Compra e venda de emissoras de r\u00e1dio<\/strong>\n<br>\n&#8211; Avalia\u00e7\u00e3o e media\u00e7\u00e3o na transfer\u00eancia direta ou indireta do controle societ\u00e1rio; valora\u00e7\u00e3o da outorga de acordo com o mercado; busca do pre\u00e7o mais justo para a compra ou venda de emissora; capta\u00e7\u00e3o de capital estrangeiro para investimentos na emissora, no limite de 30\t\t\t\t\t\t\t\t<\/div>\n\t\t\t\t<\/div>\n\t\t\t\t\t<\/div>\n\t\t<\/div>\n\t\t\t\t\t<\/div>\n\t\t<\/section>\n\t\t\t\t<\/div>\n\t\t","protected":false},"excerpt":{"rendered":"<p>O que fazemos Atrav\u00e9s do seu bra\u00e7o operacional, a Loriservice &#8211; Radiodifus\u00e3o e Telecomunica\u00e7\u00f5es, a Lorini Engenharia atua em duas \u00e1reas:\u00a0Consultoria e servi\u00e7os de engenharia em radiodifus\u00e3o e Assessoria jur\u00eddica em radiodifus\u00e3o. Consultoria e servi\u00e7os de engenharia em radiodifus\u00e3o eglorini@lorini.eng.br Consultoria e especifica\u00e7\u00f5es t\u00e9cnicas de equipamentos para emissoras de r\u00e1dio AM\/FM e TV &#8211; Acompanhamento, junto aos \u00f3rg\u00e3os p\u00fablicos, de editais, portarias e modifica\u00e7\u00f5es de par\u00e2metros t\u00e9cnicos para as emissoras &#8211; Novas tecnologias (implanta\u00e7\u00e3o do digital), busca de aperfei\u00e7oamentos t\u00e9cnicos para atingir a qualidade total &#8211; Auditorias t\u00e9cnicas, com avalia\u00e7\u00e3o de par\u00e2metros e fornecimento de relat\u00f3rios com sugest\u00f5es de modifica\u00e7\u00f5es para busca de uma melhor qualidade e modernidade da emissora &#8211; Especifica\u00e7\u00f5es t\u00e9cnicas de equipamentos, materiais e componentes para a emissora &#8211; Planejamentos para os investimentos necess\u00e1rios e cronogramas de execu\u00e7\u00e3o dos mesmos &#8211; Implanta\u00e7\u00e3o e consolida\u00e7\u00e3o de novos servi\u00e7os, como down-Link, esta\u00e7\u00f5es receptoras de sat\u00e9lite, integra\u00e7\u00e3o de redes de programa\u00e7\u00e3o &#8211; Assessoramento perante os \u00f3rg\u00e3os p\u00fablicos: Minist\u00e9rio da Aeron\u00e1utica, CREA\/RS e Minist\u00e9rio das Comunica\u00e7\u00f5es\/ ANATEL &#8211; Assessoramento \u00e0s emissoras na legaliza\u00e7\u00e3o e cumprimento de normas t\u00e9cnicas, defesas a infra\u00e7\u00f5es e adequa\u00e7\u00e3o ao c\u00f3digo de telecomunica\u00e7\u00f5es &#8211; Orienta\u00e7\u00e3o para a compra de equipamentos, contrata\u00e7\u00e3o de t\u00e9cnicos, instala\u00e7\u00e3o e funcionamento das emissoras &#8211; Avalia\u00e7\u00e3o para compra e venda de emissoras Elabora\u00e7\u00e3o de projetos t\u00e9cnicos &#8211; Viabilidade t\u00e9cnica para novos canais e\/ou aumento de pot\u00eancia de emissoras de r\u00e1dio AM\/FM e TV &#8211; Projetos para instala\u00e7\u00e3o de emissoras de r\u00e1dio AM\/FM e TV &#8211; Projetos para migra\u00e7\u00e3o da emissora AM para o FM, ou adapta\u00e7\u00e3o de outorga &#8211; Projetos de r\u00e1dio-enlaces, de liga\u00e7\u00f5es est\u00fadio-transmissor &#8212; SARC e servi\u00e7o limitado privado &#8212; SLP &#8211; Projetos de servi\u00e7os auxiliares de reportagem externa \u00a0(SARC) e comunica\u00e7\u00f5es de ordem interna e servi\u00e7o limitado privado (SLP) &#8211; Assessoramento em estudos para est\u00fadios (\u00e1udio, ac\u00fastica e layouts e infraestrutura) &#8211; Laudos t\u00e9cnicos de registro e homologa\u00e7\u00e3o de equipamentos (revis\u00e3o) &#8211; Laudos t\u00e9cnicos de vistoria de esta\u00e7\u00f5es e equipamentos &#8211; Auditorias, vistorias e laudos t\u00e9cnicos para emissoras de r\u00e1dio em AM\/FM e TV &#8211; Medi\u00e7\u00f5es de intensidade de campo e levantamento de diagramas verticais e horizontais de emissoras de r\u00e1dio AM\/FM e TV Responsabilidade t\u00e9cnica junto aos \u00f3rg\u00e3os p\u00fablicos &#8211; Responsabilidade t\u00e9cnica perante o Minist\u00e9rio das Comunica\u00e7\u00f5es, ANATEL, Minist\u00e9rio da Aeron\u00e1utica (CINDACTA II) e Confea (CREA: RS\/SC\/PR), atendendo \u00e0 Portaria n\u00ba. 160, de 24 de junho de 1987 &#8211; Estabelecimento de contratos mensais de presta\u00e7\u00e3o cont\u00ednua de servi\u00e7os, fazendo cumprir as exig\u00eancias legais Assessoria jur\u00eddica especializada em radiodifus\u00e3o loriservice@lorini.adv.br Encaminhamento ao Minist\u00e9rio das Comunica\u00e7\u00f5es\/ANATEL &#8211; Renova\u00e7\u00e3o de outorga; contratos e altera\u00e7\u00f5es contratuais\/estatut\u00e1rias para aprova\u00e7\u00e3o pr\u00e9via e comprova\u00e7\u00e3o dos atos de sociedades e\/ou funda\u00e7\u00f5es; aprova\u00e7\u00e3o de novo s\u00f3cio-gerente ou procurador, com poderes de administra\u00e7\u00e3o; autoriza\u00e7\u00e3o para uso de nome fantasia; pedido de transfer\u00eancia direta ou indireta de outorga; defesas de autos de infra\u00e7\u00f5es, expedidos pelos agentes de fiscaliza\u00e7\u00e3o Editais de Licita\u00e7\u00e3o do Minist\u00e9rio das Comunica\u00e7\u00f5es e ANATEL &#8211; Representa\u00e7\u00e3o de entidades em concorr\u00eancias p\u00fablicas de canais de r\u00e1dios AM\/FM, MMDS e TV a cabo; verifica\u00e7\u00e3o da documenta\u00e7\u00e3o dos concorrentes e elabora\u00e7\u00e3o de eventuais medidas administrativas ou judiciais; fiscaliza\u00e7\u00e3o de todas as fases da licita\u00e7\u00e3o Emissoras educativas de FM e TV &#8211; Cria\u00e7\u00e3o ou adapta\u00e7\u00e3o de funda\u00e7\u00f5es p\u00fablicas ou privadas para a execu\u00e7\u00e3o de radiodifus\u00e3o educativa; elabora\u00e7\u00e3o de todos os documentos necess\u00e1rios \u00e0 obten\u00e7\u00e3o da outorga Altera\u00e7\u00f5es contratuais, estatut\u00e1rias e capital estrangeiro &#8211; Cess\u00e3o simples e da maioria de quotas\/a\u00e7\u00f5es de transfer\u00eancia indireta de outorga; aumento do capital social e\/ou atualiza\u00e7\u00e3o da express\u00e3o monet\u00e1ria vigente; reforma geral ou parcial dos atos constitutivos, consolida\u00e7\u00e3o do contrato social\/estatuto da entidade, adapta\u00e7\u00e3o ao novo c\u00f3digo civil; transforma\u00e7\u00e3o do tipo jur\u00eddico da sociedade, cis\u00e3o, fus\u00e3o e incorpora\u00e7\u00e3o; prepara\u00e7\u00e3o da sociedade para a recep\u00e7\u00e3o do capital estrangeiro, no limite de 30% Junta comercial, conselho de defesa nacional e outros &#8211; Encaminhamento de instrumentos contratuais e altera\u00e7\u00f5es societ\u00e1rias para arquivamento e acompanhamento at\u00e9 o final; obten\u00e7\u00e3o de assentimento pr\u00e9vio para as empresas executantes de servi\u00e7o de radiodifus\u00e3o na faixa de fronteira; elabora\u00e7\u00e3o de contratos particulares de promessa de cess\u00e3o de cotas de sociedades e outros instrumentos Compra e venda de emissoras de r\u00e1dio &#8211; Avalia\u00e7\u00e3o e media\u00e7\u00e3o na transfer\u00eancia direta ou indireta do controle societ\u00e1rio; valora\u00e7\u00e3o da outorga de acordo com o mercado; busca do pre\u00e7o mais justo para a compra ou venda de emissora; capta\u00e7\u00e3o de capital estrangeiro para investimentos na emissora, no limite de 30<\/p>\n","protected":false},"author":1,"featured_media":0,"parent":0,"menu_order":0,"comment_status":"closed","ping_status":"closed","template":"","meta":{"site-sidebar-layout":"no-sidebar","site-content-layout":"page-builder","ast-site-content-layout":"default","site-content-style":"default","site-sidebar-style":"default","ast-global-header-display":"","ast-banner-title-visibility":"","ast-main-header-display":"","ast-hfb-above-header-display":"","ast-hfb-below-header-display":"","ast-hfb-mobile-header-display":"","site-post-title":"disabled","ast-breadcrumbs-content":"","ast-featured-img":"disabled","footer-sml-layout":"","ast-disable-related-posts":"","theme-transparent-header-meta":"","adv-header-id-meta":"","stick-header-meta":"","header-above-stick-meta":"","header-main-stick-meta":"","header-below-stick-meta":"","astra-migrate-meta-layouts":"default","ast-page-background-enabled":"default","ast-page-background-meta":{"desktop":{"background-color":"var(--ast-global-color-4)","background-image":"","background-repeat":"repeat","background-position":"center center","background-size":"auto","background-attachment":"scroll","background-type":"","background-media":"","overlay-type":"","overlay-color":"","overlay-opacity":"","overlay-gradient":""},"tablet":{"background-color":"","background-image":"","background-repeat":"repeat","background-position":"center center","background-size":"auto","background-attachment":"scroll","background-type":"","background-media":"","overlay-type":"","overlay-color":"","overlay-opacity":"","overlay-gradient":""},"mobile":{"background-color":"","background-image":"","background-repeat":"repeat","background-position":"center center","background-size":"auto","background-attachment":"scroll","background-type":"","background-media":"","overlay-type":"","overlay-color":"","overlay-opacity":"","overlay-gradient":""}},"ast-content-background-meta":{"desktop":{"background-color":"var(--ast-global-color-5)","background-image":"","background-repeat":"repeat","background-position":"center center","background-size":"auto","background-attachment":"scroll","background-type":"","background-media":"","overlay-type":"","overlay-color":"","overlay-opacity":"","overlay-gradient":""},"tablet":{"background-color":"var(--ast-global-color-5)","background-image":"","background-repeat":"repeat","background-position":"center center","background-size":"auto","background-attachment":"scroll","background-type":"","background-media":"","overlay-type":"","overlay-color":"","overlay-opacity":"","overlay-gradient":""},"mobile":{"background-color":"var(--ast-global-color-5)","background-image":"","background-repeat":"repeat","background-position":"center center","background-size":"auto","background-attachment":"scroll","background-type":"","background-media":"","overlay-type":"","overlay-color":"","overlay-opacity":"","overlay-gradient":""}},"footnotes":""},"class_list":["post-388","page","type-page","status-publish","hentry"],"_links":{"self":[{"href":"https:\/\/lorini.com.br\/index.php\/wp-json\/wp\/v2\/pages\/388","targetHints":{"allow":["GET"]}}],"collection":[{"href":"https:\/\/lorini.com.br\/index.php\/wp-json\/wp\/v2\/pages"}],"about":[{"href":"https:\/\/lorini.com.br\/index.php\/wp-json\/wp\/v2\/types\/page"}],"author":[{"embeddable":true,"href":"https:\/\/lorini.com.br\/index.php\/wp-json\/wp\/v2\/users\/1"}],"replies":[{"embeddable":true,"href":"https:\/\/lorini.com.br\/index.php\/wp-json\/wp\/v2\/comments?post=388"}],"version-history":[{"count":61,"href":"https:\/\/lorini.com.br\/index.php\/wp-json\/wp\/v2\/pages\/388\/revisions"}],"predecessor-version":[{"id":575,"href":"https:\/\/lorini.com.br\/index.php\/wp-json\/wp\/v2\/pages\/388\/revisions\/575"}],"wp:attachment":[{"href":"https:\/\/lorini.com.br\/index.php\/wp-json\/wp\/v2\/media?parent=388"}],"curies":[{"name":"wp","href":"https:\/\/api.w.org\/{rel}","templated":true}]}}